8*l**2. Let w(i) = 4*h(i) - 5*s(i). Give w(-6).
3
Let v(b) = 11*b + 4. Let j be (-18)/(-3) + (72/(-252) - 52/14). Calculate v(j).
26
Let t(s) = -3*s**2 - 23*s + 14. Let m(i) = -i**3 - 4*i**2 + 9*i + 12. Let y be m(-5). Let a be t(y). Let c(p) = -p**3 + 4*p**2 + 13*p. Give c(a).
6
Let a(q) be the third derivative of -q**6/120 - q**5/12 + q**4/24 - q**3/3 - 1987*q**2. Calculate a(-5).
-7
Suppose 0*d + 5 = y + 3*d, 4*y + d - 20 = 0. Let q(i) = -20 + 8 + 52 - 3*i - y. Give q(16).
-13
Let s(j) be the first derivative of -j**3 - 788. What is s(1)?
-3
Let d be (-4)/(-6)*(-135)/(-30). Let h be 18/12*58/d. Let z = h - 36. Let x(c) = -c - 5. Determine x(z).
2
Let r(j) = -j**3 - 6*j**2 - 2. Suppose -147 = 5*n - 4*n - 144. What is r(n)?
-29
Let q be (16/(-14))/(14/(-588)). Suppose j - 2 = 0, -q*f + 45*f - 3*j + 3 = 0. Let d(i) = -i + i - 1 - 2*i + 3*i**2. Give d(f).
4
Let x(j) = j**2 - j - 1. Let t be 1/3*-9 - 21/(-3). Suppose -2*p = 33*p - t*p. Calculate x(p).
-1
Let o(d) = -d**3 - 15*d**2 + 37*d + 39. Suppose 3*m + 210 - 171 = -4*f, -63 = 3*m - 4*f. Determine o(m).
-12
Let w = -13186 - -13198. Let b(y) = y**3 - 10*y**2 - 21*y - 40. What is b(w)?
-4
Let t(z) = -z**3 - 2*z**2 + 4*z + 3. Let k be (-60)/(-24)*26/(-5). Let o(n) = -n**2 - 14*n - 16. Let a be o(k). Calculate t(a).
0
Let n(d) = -d**3 + 12*d**2 - 16*d - 40. Let q be n(10). Let k(a) = 0*a - 13 + 0*a - 4*a + 1. Let y(c) = -5*c - 13. Let i(x) = 4*k(x) - 3*y(x). What is i(q)?
-9
Suppose -13 = 6*q - 49. Suppose z + q = -n, -5*n - 8 - 17 = 4*z. Let t(l) = 5*l - 6. Let a(c) = -6*c + 5. Let i(p) = z*a(p) - 4*t(p). Give i(1).
9
Let u(b) = -b**3 - 7*b**2 - 5*b + 5. Let g(k) = -2*k**2 + 22*k - 21. Let t be g(10). Let o be (-6)/((-36)/(-42)) - t. Calculate u(o).
-1
Let q be 6 + -19 + (16 - 7). Let b(y) be the first derivative of -5/2*y**2 + 3*y - 1/3*y**3 + 1. Give b(q).
7
Let p(j) be the second derivative of j**6/120 - j**5/6 + j**4/3 + 5*j**3/3 - 19*j**2 - 2*j - 2. Let s(n) be the first derivative of p(n). Give s(9).
1
Let x(n) = -231 - n**2 + 75 + 90 - 11*n + 81. Suppose -2*b + 0*b - 26 = 0. Give x(b).
-11
Let a(i) be the first derivative of -i**4/4 - 20*i**3/3 - 25*i**2/2 + 15*i - 516. Calculate a(-19).
129
Let k(h) = -2*h**3 + 6*h**2 - 28*h + 80. Suppose 17 = -j + 4*u, -12 = -7*j + 2*u - 1. Give k(j).
-4
Let j(n) = 4*n**3 - 168*n**2 + 3*n - 113. Let u be j(42). Let s(z) = 4*z - 46. What is s(u)?
6
Let p(f) = -6*f**2 + 10 + f**3 + 0*f**2 - 4 + 2*f. Let b(j) = -2*j**2 - 184. Let n be b(0). Let h = 189 + n. Determine p(h).
-9
Let l(a) = 5*a + 3*a**2 + 13 - 2 - a**3 - 9 - 7. Determine l(4).
-1
Let p(y) = -2*y - 4. Let t be (4 + 72/(-8))/(3/(-57)). Let c = -222 + 314. Let i = c - t. Calculate p(i).
2
Let w(m) = 260*m**2 + 15 - 139*m**2 - 113*m**2 - 7*m - 9. Give w(3).
57
Let w be -10*(30/(-12))/5. Suppose 0 = l + w*u + 18, 0 = 2*l - 38*u + 36*u. Let y(t) = -6*t - 3. Calculate y(l).
15
Let d(z) = 2*z**2 - 2*z - 1. Let w = -133 + 199. Let h be (w/77)/((-1)/(-21)). Let t = h - 16. Determine d(t).
3
Let k(h) be the second derivative of -13*h**3/6 - h**2/2 - 51417*h. Let d(a) = -a**3 + a**2 - a. Let m be d(1). What is k(m)?
12
Let m(s) = -16*s - 296. Let k be m(-19). Let q(n) = -n**2 - 158 + k*n - 155 + 316. Give q(5).
18
Let j(r) = 6*r**3 + r + 9. Let l(k) = k**3 + 7*k**2 - 113*k - 843. Let x be l(-8). What is j(x)?
-156
Let f(j) = -j**2 + 2*j + 3. Suppose -45 = 64*z - 23*z - 38*z. Let l(c) = -c**3 + 5*c**2 + 3*c + 8. Let n be l(6). Let a = n - z. What is f(a)?
-12
Let z(i) = -i**2 + 2*i + 27. Suppose -2*q = -73*n + 74*n + 9, 13 = 4*n + q. Determine z(n).
12
Suppose 0 = -3*t + 43 + 2. Suppose 54*w = 57*w + t. Let j(l) = -2*l**2 - l + 1. What is j(w)?
-44
Let v(j) = 23*j**2 - 24*j + 33. Let z(f) = 9*f**2 - 12*f + 18. Let t(x) = -2*v(x) + 5*z(x). Give t(2).
-4
Suppose 2*x = 2 + 4. Let a(h) = 0*h**2 + 105*h + 100*h + 104*h - 307*h + h**2. Calculate a(x).
15
Let g(d) = 5*d**3 + 16*d**2 + 7*d - 6. Let f(j) = -9*j**3 - 17*j**2 - 7*j + 1. Let w(i) = 2*f(i) + 3*g(i). What is w(5)?
-6
Let v = -42 - -42. Let l be ((-8)/12)/(v + 4/(-42)). Let p(c) = 3*c - 3*c - 5 + 2*c - c. Calculate p(l).
2
Let o be ((-38)/114)/(1/(-18)) - (7 + -1). Let u(b) be the third derivative of 1/2*b**3 + 0*b - 1/3*b**4 + 1/120*b**6 + o - 1/10*b**5 - 16*b**2. What is u(7)?
-4
Let r(j) = j**3 - 15*j**2 - 6*j - 160. Let l be r(16). Let c(b) = b**3 - b - 3. Determine c(l).
-3
Let u(r) = -11*r + 1. Let w(n) be the first derivative of -13*n**2/2 + 5*n - 15. Let z(b) = 5*u(b) - 4*w(b). Determine z(-3).
-6
Let z = 612 - 601. Let m(u) = -16*u + 63. Let l(p) = -32*p + 127. Let s(j) = 2*l(j) - 5*m(j). Let v(o) = 3*o - 12. Let c(r) = z*v(r) - 2*s(r). Calculate c(7).
-3
Let d(x) = x**2 - 12*x - 6. Let b = 29 - 132. Let q = -100 - b. Suppose 0*u - q*u + 72 = 5*v, -5*u + 80 = 5*v. Give d(v).
-6
Suppose -46 - 71 = 9*b. Let j be 1*b + (-1 - (-11 + 5)). Let f(a) = a + 14. Determine f(j).
6
Let p(h) = -4*h - 5 + 0*h - 4. Suppose -5*y + 19 + 3 = -c, 2*c - 5*y = -29. Determine p(c).
19
Let l = -7550 + 7532. Let f(m) = -2*m - 13. What is f(l)?
23
Let h(b) = -b**3 + 2*b**2 - b + 1. Let w = -47 + 52. Suppose f - w = -3. Give h(f).
-1
Let i(g) = -g**2 - 11*g - 9. Let w(c) = -c + 6. Suppose 0 = q + 8*q - 36. Let f be w(q). Suppose 16 = b - 3*b - f*l, -1 = l. Determine i(b).
19
Let a(m) = -m**3 + 16*m**2 - 23*m + 107. Let h be (2 + 134/(-14) - 348/812) + 23. What is a(h)?
-13
Let o(i) = -7 - i**3 + 5*i - 1643*i**2 + 1638*i**2 - 2 + 2. Calculate o(-6).
-1
Let f(o) = -5*o + 5. Let r(l) be the first derivative of -l**4/4 + l**3/3 + 3*l**2/2 + 6*l + 57. Let y be r(0). What is f(y)?
-25
Let s(l) = 5 + 237543*l - 118774*l - 118766*l - 16 - l**2. Determine s(6).
-29
Let o(s) = -s**2 + s + 17614 - 2*s**2 + 4*s**2 - 17673. Determine o(7).
-3
Let k(d) = -17*d + 10*d + 0*d + 6*d - 2. Let m be 1 - (1 - 1/(4/(-12))). What is k(m)?
1
Let a(j) = 28*j**2 - 34*j**2 - j + 1 + 53*j**2. Determine a(1).
47
Let d(q) = -q**2 - 8*q - 15. Let a(z) = -2*z**2 - 14*z - 28. Let l(c) = -4*a(c) + 7*d(c). Calculate l(3).
16
Suppose -m - 20 = -4*y, 5*m - 10*m + 8 = -2*y. Suppose -5*i = -5*a + 60, -y = -3*a + 7*i - 10*i. Let r(t) = 3*t - 17. Calculate r(a).
4
Let g(d) = 77*d**3 - 20*d**2 - 37*d - 31. Let j(m) = -27*m**3 + 7*m**2 + 13*m + 11. Let r(q) = 6*g(q) + 17*j(q). What is r(2)?
19
Let g(j) be the first derivative of -j**3/3 - 3*j**2 - 15*j - 2247. Let s = 4 - 10. Determine g(s).
-15
Let n(a) = -6*a**3 + 3*a**2 - a + 2. Let z = -261 - -264. Suppose 8*y - 1 = -2*k + 7*y, -3*k - y + z = 0. What is n(k)?
-36
Let k be (-7)/63 - 635/(-45). Let y be (4 - k) + 3 - 3/(-3). Let a(r) = r + 5. Calculate a(y).
-1
Let m be (-4)/12 - (-308)/(-24)*-4. Let u = -44 + m. Let k(v) = v**2 - 9*v + 7. What is k(u)?
-7
Let q(x) = -69*x + 2. Let w(v) = -190*v + 8. Let z(d) = -11*q(d) + 4*w(d). Calculate z(5).
5
Let o(h) = 6*h**3 + 26*h**2 - 23*h + 12. Let p be 3/(-2)*(147/(-9) + 5). Let y(g) = 2*g**3 + 9*g**2 - 8*g + 4. Let u(c) = p*y(c) - 6*o(c). Determine u(-3).
17
Let l(d) = -45*d - 177. Let h(a) = 109*a - 4. Let b be h(0). What is l(b)?
3
Let z(l) = 1 + 17*l**2 - 7*l + 6*l**2 - 22*l**2 - 8*l. Determine z(10).
-49
Let x(h) be the second derivative of h**5/20 + h**4/3 + 7*h**2/2 - h + 18. Let d be -14 - -11 - (1 + (0 - -1)). What is x(d)?
-18
Let d(u) = -104 - 42*u + 48*u - u**2 + 214 - 109. Determine d(6).
1
Let f(l) be the second derivative of 5*l**3/6 + 5*l**2/2 - l. Let a(p) = -3*p**2 + 49*p - 105. Let w be a(14). What is f(w)?
-30
Suppose -2*o + 32 + 50 = 0. Suppose 0 = -3*t + 4*f + o, 0 = -t - f - 3 + 5. Suppose 5 + t = -3*a. Let j(m) = -m**3 - 3*m**2 + 4*m + 5. What is j(a)?
5
Let m(u) = 2*u - 163*u + 186 + 94*u + 81*u. Calculate m(-13).
4
Suppose -243 = 5*o - 8*o. Let y = o + -85. Let m(x) be the first derivative of -x**2 - 4*x + 3. What is m(y)?
4
Suppose -2 = y, 0 = 3*n - 8*n - 2*y - 19. Let c(u) = -9 - 68*u**2 - u + 2 + 100*u**2 - 34*u**2 - 5*u. Calculate c(n).
-7
Suppose -7 + 11 = 4*w. Suppose 3*f - 6 = 0, -r - 3*f + 2 - w = 0. Let p(i) = -2*i**3 + 5 + 0*i**3 + i**3 + 1 - 5*i**2. Calculate p(r).
6
Let z(k) = -6*k - 6. Let r(a) = -a**2 - 27*a + 4. Let j be r(-18). Let f = 161 - j. What is z(f)?
24
Let w(f) = f**2 + 16*f + 18. Let d be w(-15). Let o(c) = -2 + 93*c + c**2 - 86*c + d. Calculate o(-8).
9
Let d(